{"id":270,"date":"2024-06-13T14:16:21","date_gmt":"2024-06-13T11:16:21","guid":{"rendered":"https:\/\/arshame.fi\/ihmisenpaikka\/?page_id=270"},"modified":"2024-06-13T14:42:08","modified_gmt":"2024-06-13T11:42:08","slug":"taiteilijat","status":"publish","type":"page","link":"https:\/\/arshame.fi\/ihmisenpaikka\/?page_id=270","title":{"rendered":"TAITEILIJAT"},"content":{"rendered":"\n<p><strong>H\u00c4MEENLINNAN LINJA-AUTOASEMA<\/strong>:<br> <a href=\"https:\/\/www.frankbrummel.com\/\" data-type=\"link\" data-id=\"https:\/\/www.frankbrummel.com\/\" target=\"_blank\" rel=\"noreferrer noopener\">FRANK BR\u00dcMMEL<\/a><br> <a href=\"https:\/\/www.kaisaleenahalinen.fi\/\" data-type=\"link\" data-id=\"https:\/\/www.kaisaleenahalinen.fi\/\" target=\"_blank\" rel=\"noreferrer noopener\">KAISALEENA HALINEN<\/a><br> <a href=\"https:\/\/kuvataiteilijamatrikkeli.fi\/taiteilija\/jari-mannisto\" data-type=\"link\" data-id=\"https:\/\/kuvataiteilijamatrikkeli.fi\/taiteilija\/jari-mannisto\" target=\"_blank\" rel=\"noreferrer noopener\">JARI M\u00c4NNIST\u00d6<\/a><br> <a href=\"http:\/\/sirkkurosi.com\/\" data-type=\"link\" data-id=\"http:\/\/sirkkurosi.com\/\" target=\"_blank\" rel=\"noreferrer noopener\">SIRKKU ROSI<\/a><br> <a href=\"https:\/\/www.nikoskorpio.net\/\" data-type=\"link\" data-id=\"https:\/\/www.nikoskorpio.net\/\" target=\"_blank\" rel=\"noreferrer noopener\">NIKO SKORPIO<\/a><br> <a href=\"https:\/\/juha-saaski.fi\/\" data-type=\"link\" data-id=\"https:\/\/juha-saaski.fi\/\" target=\"_blank\" rel=\"noreferrer noopener\">JUHA S\u00c4\u00c4SKI<\/a><br> <a href=\"https:\/\/anhava.com\/artists\/paivi-takala\/\" data-type=\"link\" data-id=\"https:\/\/anhava.com\/artists\/paivi-takala\/\" target=\"_blank\" rel=\"noreferrer noopener\">P\u00c4IVI TAKALA<\/a><\/p>\n\n\n\n<p><strong>TAIDEHALLI H\u00c4ME:<\/strong><br> <a href=\"https:\/\/kuvataiteilijamatrikkeli.fi\/taiteilija\/markus-heikkero\" data-type=\"link\" data-id=\"https:\/\/kuvataiteilijamatrikkeli.fi\/taiteilija\/markus-heikkero\" target=\"_blank\" rel=\"noreferrer noopener\">MARKUS HEIKKER\u00d6<\/a><br> <a href=\"https:\/\/www.sallalaurinolli.com\/\" data-type=\"link\" data-id=\"https:\/\/www.sallalaurinolli.com\/\" target=\"_blank\" rel=\"noreferrer noopener\">SALLA LAURINOLLI<\/a><br> <a href=\"https:\/\/juusonoronkoski.com\/\" data-type=\"link\" data-id=\"https:\/\/juusonoronkoski.com\/\" target=\"_blank\" rel=\"noreferrer noopener\">JUUSO NORONKOSKI<\/a><br> <a href=\"https:\/\/simoripatti.com\/\" data-type=\"link\" data-id=\"https:\/\/simoripatti.com\/\" target=\"_blank\" rel=\"noreferrer noopener\">SIMO RIPATTI<\/a><br> <a href=\"https:\/\/www.anniinavainionpaa.fi\/\" data-type=\"link\" data-id=\"https:\/\/www.anniinavainionpaa.fi\/\" target=\"_blank\" rel=\"noreferrer noopener\">ANNIINA VAINIONP\u00c4\u00c4<\/a><\/p>\n\n\n\n<p>Kuraattori: <a href=\"https:\/\/karivehosalo.com\/\" data-type=\"link\" data-id=\"https:\/\/karivehosalo.com\/\" target=\"_blank\" rel=\"noreferrer noopener\">KARI VEHOSALO<\/a><\/p>\n","protected":false},"excerpt":{"rendered":"<p>H\u00c4MEENLINNAN LINJA-AUTOASEMA: FRANK BR\u00dcMMEL KAISALEENA HALINEN JARI M\u00c4NNIST\u00d6 SIRKKU ROSI NIKO SKORPIO JUHA S\u00c4\u00c4SKI P\u00c4IVI TAKALA TAIDEHALLI H\u00c4ME: MARKUS HEIKKER\u00d6 SALLA LAURINOLLI JUUSO NORONKOSKI SIMO RIPATTI ANNIINA VAINIONP\u00c4\u00c4 Kuraattori: KARI VEHOSALO<\/p>\n","protected":false},"author":1,"featured_media":0,"parent":0,"menu_order":0,"comment_status":"closed","ping_status":"closed","template":"","meta":{"footnotes":""},"class_list":["post-270","page","type-page","status-publish","czr-hentry"],"_links":{"self":[{"href":"https:\/\/arshame.fi\/ihmisenpaikka\/index.php?rest_route=\/wp\/v2\/pages\/270","targetHints":{"allow":["GET"]}}],"collection":[{"href":"https:\/\/arshame.fi\/ihmisenpaikka\/index.php?rest_route=\/wp\/v2\/pages"}],"about":[{"href":"https:\/\/arshame.fi\/ihmisenpaikka\/index.php?rest_route=\/wp\/v2\/types\/page"}],"author":[{"embeddable":true,"href":"https:\/\/arshame.fi\/ihmisenpaikka\/index.php?rest_route=\/wp\/v2\/users\/1"}],"replies":[{"embeddable":true,"href":"https:\/\/arshame.fi\/ihmisenpaikka\/index.php?rest_route=%2Fwp%2Fv2%2Fcomments&post=270"}],"version-history":[{"count":7,"href":"https:\/\/arshame.fi\/ihmisenpaikka\/index.php?rest_route=\/wp\/v2\/pages\/270\/revisions"}],"predecessor-version":[{"id":325,"href":"https:\/\/arshame.fi\/ihmisenpaikka\/index.php?rest_route=\/wp\/v2\/pages\/270\/revisions\/325"}],"wp:attachment":[{"href":"https:\/\/arshame.fi\/ihmisenpaikka\/index.php?rest_route=%2Fwp%2Fv2%2Fmedia&parent=270"}],"curies":[{"name":"wp","href":"https:\/\/api.w.org\/{rel}","templated":true}]}}